r when d is divided by 22?
6
Let m(h) = 3*h**2 - 18*h + 57. What is the remainder when 4 + 7/((-21)/(-351)) is divided by m(5)?
37
Calculate the remainder when (-1 - 852/(-5)) + (-14)/35 is divided by 22.
15
Suppose 40*w = 32*w + 2176. What is the remainder when w is divided by 99?
74
Let r(y) = y**3 + 3*y**2 - y + 3. Let n be r(-4). Let l be ((2 - n) + 1)/1. What is the remainder when 36 is divided by -3*(-2 + (-28)/l)?
10
What is the remainder when 22 is divided by 10/(-140) - 183/(-14)?
9
Let g(r) = 6*r + 5. Suppose 0 = -5*z + 328 + 17. What is the remainder when z is divided by g(5)?
34
Let z = -1607 - -1942. Calculate the remainder when z is divided by 60.
35
Suppose 2*q - 2*f - 58 = -6*f, 5*q - 2*f - 109 = 0. Suppose p + 4*l = -4*p + q, l = -5*p + 32. What is the remainder when p is divided by 6?
1
Suppose 18 = -2*x + k - 3*k, k - 27 = 5*x. Let a(g) = g**3 + 6*g**2 - 3*g - 14. Calculate the remainder when 27 is divided by a(x).
3
Suppose 12 - 64 = -4*u. Let o(v) = v**3 - 3*v**2 + 7*v - 7. Let p be o(5). Suppose -2*w - 5*l + p = 8, 5*l = 20. Calculate the remainder when w is divided by u.
12
Suppose 3*i + 8 = 4*i. Suppose -5*z + i = -z. Let q(x) = 7*x - 2. What is the remainder when 46 is divided by q(z)?
10
Suppose -120*q = -131*q + 990. Calculate the remainder when 266 is divided by q.
86
Let o(p) = -p**2 - p - 3. Let y = 9 - 16. Let g be o(y). What is the remainder when (-4)/10 - 1998/g is divided by 23?
21
What is the remainder when (0 + -4 - (-23 + 15))*42 is divided by 41?
4
Let m be 3/(-6)*(0 - 0). Calculate the remainder when 89 is divided by (-15 + -8)*(-2 - m).
43
Suppose 4*l = c, -6*c - 3*l - 45 = -3*c. Calculate the remainder when (c/(-10))/(22/935) is divided by 27.
24
Suppose 0 = -13*i + 15*i. Suppose 14 + 4 = 3*r - 3*g, i = -3*r + 5*g + 20. Let t(x) = 4*x**2 - 1. Calculate the remainder when r is divided by t(1).
2
Let y(a) = a**3 - 3*a**2 - 7*a + 2. Calculate the remainder when ((-26)/(-2))/(9/45) is divided by y(5).
14
Calculate the remainder when 9/(-18)*(-547 - (-2 - -3)) is divided by 67.
6
Suppose 67 + 245 = 12*q. Calculate the remainder when 413 is divided by q.
23
Let l be (((-2)/(-3))/1)/((-34)/(-153)). Suppose -c = 2*r - 80, 5*r - 98 = -c - l. What is the remainder when c is divided by 18?
16
Let n(s) = s**2 - 7*s - 25. Suppose l - 9 = -2*l. Suppose -u = -l*u + 276. Calculate the remainder when u is divided by n(12).
33
Suppose 3*u = u - 2*u. Suppose -4*f + 3*f + 106 = u. Calculate the remainder when f is divided by 36.
34
Suppose 22*s = 53*s - 589. What is the remainder when 283 is divided by s?
17
What is the remainder when (3 + -6)*109/(-3) is divided by 4?
1
Suppose 3*g - 2127 = 3*c, -1561 = -4*g + 3*c + 1274. What is the remainder when g is divided by 79?
76
Let p = 68 + -35. Let b = p + -26. What is the remainder when 40 is divided by b?
5
Suppose 66*j - 61*j - 109 = g, 0 = j - 5*g - 17. Suppose 0 = -2*l - 0*l + 124. What is the remainder when l is divided by j?
18
Suppose 3*r - 648 = -4*l, -2*l = 2*l - 2*r - 668. What is the remainder when l is divided by 45?
30
Suppose -r + 5*v + 8 + 14 = 0, -r + 4*v + 18 = 0. Calculate the remainder when 61 is divided by (3 - 2)*(23 - r).
19
Suppose i + 2*j = j, -4*i - 2*j = -2. What is the remainder when 1 - (i - (-3 - -133)) is divided by 22?
20
What is the remainder when 2175/12 + 2/(-8) is divided by (23/2)/(((-20)/(-8))/5)?
20
Let u(p) = 4*p - 30. Let o be u(10). Suppose 158 = 4*k - o. What is the remainder when k is divided by 15?
12
Suppose 0*l = -l + 6. Let k(o) = o**3 - 5*o**2 - 3*o - 9. Calculate the remainder when 23 is divided by k(l).
5
Suppose c + 7 = -5*s, 3*c + 41 = 4*s + s. Let k be (c/(-5))/(3/20). Let n = k - -14. What is the remainder when n is divided by 11?
8
Suppose 3*t - 1328 = -t. Suppose -6*q + t + 334 = 0. Calculate the remainder when q is divided by 28.
27
Let o(h) = -29*h**2 + 176*h + 4. What is the remainder when (5 - -1)*29/3 is divided by o(6)?
10
What is the remainder when (-9 + 7)*(-78)/3 is divided by 28?
24
Let h(l) = 6*l + 333. Suppose 4*j + 11 = 5*j. What is the remainder when h(-43) is divided by j?
9
Suppose -2*l + 4*l - 42 = 0. Suppose -23*w + l*w = -20. Calculate the remainder when 49 is divided by w.
9
Let q be 6 + -2 - (-3 - -2). Let a = q - 2. Suppose -3*u - 48 = -2*s, 2 = 2*u - a*u. What is the remainder when s is divided by 8?
5
Suppose 5*a = 660 - 505. Suppose -3*k + 4*l + 74 = 2*k, 0 = 2*k + l - 40. Calculate the remainder when a is divided by k.
13
Suppose 18*u - 224 = 46. Calculate the remainder when 55 is divided by u.
10
Let z be 0/8 + 4 + 6/2. Suppose -11*f = -z*f - 380. Calculate the remainder when f is divided by 25.
20
Suppose -227*l + 228*l + 101 = 0. Let i = l - -119. What is the remainder when 42 is divided by i?
6
Suppose 3*j - 166 = 5*w - 18, -5*j = -w - 276. Calculate the remainder when j is divided by 10.
6
Let y(t) = -t**3 - 9*t**2 - 12*t - 12. Let w be y(-5). Let u = -15 - w. What is the remainder when 144 is divided by u?
33
Let r(l) = -l**3 - 7*l**2 - 14*l - 24. Calculate the remainder when r(-8) is divided by 39.
35
Suppose 0 = s - 3*h - 62, -34*h = -2*s - 29*h + 127. What is the remainder when s is divided by 15?
11
Suppose -5*z + 2052 = -2*c, 9*c = 5*z + 11*c - 2068. What is the remainder when z is divided by 32?
28
Let o = 10 - -10. Calculate the remainder when 1/3*(178 - 7) is divided by o.
17
Let v be -1*(3 - 2) - -5. Suppose -v*b + o - 5*o = -28, -2*o = 4*b - 18. Calculate the remainder when 3 is divided by b.
1
Let i(z) = -z**2 - 6*z + 7. Let m be i(-11). Let k = m - -79. Calculate the remainder when k is divided by 17.
14
Let z be (-3)/2 - 328/(-16). Suppose 4*c - 72 - z = 3*w, 5*c = 2*w + 105. What is the remainder when 29 is divided by c?
10
Let m(o) = 2*o**2 - 5*o - 19. Calculate the remainder when 295 is divided by m(6).
19
Suppose 0*z - 3*z = -2*h - 13, 3*z - 9 = 0. What is the remainder when (41/h)/(10/(-20)) is divided by 7?
6
Let a(g) = g + g + 75 + g - 78. Calculate the remainder when a(12) is divided by 12.
9
Let c(q) = q - 2. Let j be c(2). Suppose j = -3*v - 0*v + 21. Calculate the remainder when 18 is divided by v.
4
Calculate the remainder when (51 + -58)*(-163)/7 is divided by 33.
31
Suppose 30 = 2*d - 68. Let j(s) = -s**2. Let x(b) = -b**3 + 6*b**2 + b + 4. Let v(l) = 3*j(l) + x(l). What is the remainder when d is divided by v(2)?
9
Let n = -18 - -22. Suppose -2*s + 32 = n*o - 8, 4*s = -2*o + 14. Calculate the remainder when 28 is divided by o.
6
Suppose 55*q + 72 - 3097 = 0. Calculate the remainder when q is divided by 28.
27
Let i = -34 - -57. Let k = 193 - 104. What is the remainder when k is divided by i?
20
Let v(f) = f + 3. Calculate the remainder when (-23)/(1/(-7) + (-96)/112) is divided by v(5).
7
Let z = -517 - -531. What is the remainder when 275 is divided by z?
9
Let r(j) = -j**3 - 5*j**2 - 19. Calculate the remainder when 117 is divided by r(-6).
15
Let t = -25 - -24. Let i = t - -5. Suppose -y - i = -21. Calculate the remainder when 84 is divided by y.
16
Suppose -198*m + 201*m - 261 = 0. Calculate the remainder when 347 is divided by m.
86
Let p(j) = 18*j**3 + j**2 - 12*j + 17. Calculate the remainder when p(2) is divided by 13.
11
Let o(d) = -2*d + 97. Suppose 2*k - 71 + 35 = 0. Calculate the remainder when o(4) is divided by k.
17
Let i(o) = 2*o**2 - 14*o - 12. Let k be i(8). Suppose -2*v + 4*v = 3*h + 90, -3*h = -k*v + 168. Calculate the remainder when 154 is divided by v.
37
Suppose 3*g - 115 = -5*c - 2*g, 64 = 3*c + 2*g. Let d(f) = f**3 + 12*f**2 - 2*f - 14. What is the remainder when c is divided by d(-12)?
8
Suppose 738 = 4*w + 86. What is the remainder when w is divided by 15?
13
Suppose -4*h + 4*s + 16 = 0, 7*s - 3*s = -4*h + 48. What is the remainder when 46 is divided by (h/3)/(1/6)?
14
Suppose 3*k + 2*z - 12 = -0*z, -z = -3. Suppose -3*w - 3*p = 9, 3*w = -2*p - k*p - 13. What is the remainder when 1 is divided by w?
0
Suppose -5 = 4*l + 11. Suppose -8*h + 3*h = 5. Let d = h - l. What is the remainder when 8 is divided by d?
2
Suppose 1 = -n + 5. Suppose -n*f + 25 + 37 = 2*x, -f = 2*x - 59. What is the remainder when x is divided by 11?
7
Let w = -9 + 17. Suppose -5*m + 20 = -5*t, -t + w = -3*m - 3*t. Suppose m*o - 5*o = -105. Calculate the remainde